 is the value of (0 - 3) + -40 + 46?
3
Evaluate -3 + 3 + -4 + 0 - -5.
1
What is -7 + (-7 - -8) - -12?
6
2 + (-3 - (5 - 6)) + -3
-3
What is the value of 3 - (0 + 8 + -1)?
-4
Evaluate -13 + 14 - (1 + 1).
-1
What is 0 + -2 + -10 - (10 - 16)?
-6
Calculate -1 + (-3 + -5 - -4).
-5
Calculate 12 - (1 - (-1 + -2) - -1).
7
(4 - 2) + -6 - (-2 - -2)
-4
What is the value of -4 + 15 - (14 - 3)?
0
Evaluate -7 - (3 - (0 + -5) - 11).
-4
Evaluate (-7 - (-3 + 0)) + 2.
-2
Evaluate 2 + 6 - 6 - (4 - 0).
-2
What is (2 - -4) + -2 + -4 + 1?
1
(1 - -4 - 1) + -3
1
7 + (-8 - 4) - 0 - -14
9
1 - -1 - 3 - -3
2
Calculate -12 - (-1 + -6) - -6.
1
What is the value of (2 - (8 - 2)) + 2?
-2
What is the value of 4 - (8 - 5) - (2 + 1)?
-2
29 - 23 - (0 - -5)
1
What is the value of -6 + 9 + 3 + -4?
2
Evaluate -2 + -10 + 0 + 7.
-5
Evaluate (-3 - -5 - 2) + -5.
-5
2 - (-6 + (3 - -8 - 5))
2
Evaluate 0 - -3 - (5 - 2).
0
What is the value of (-10 - 1) + 10 + (-6 - -2)?
-5
Evaluate (4 + 1 - (-26 - -27)) + -3.
1
Evaluate (5 - 1) + -2 - 6 - -6.
2
What is -1 + 8 + -17 + 3?
-7
(186 - 185) + (-11 + 1 - -2)
-7
What is 0 + 7 - (-5 + 2 + 3)?
7
6 + -2 + -4 - 2
-2
What is the value of (7 + 2 - 13) + 3 + 0?
-1
What is the value of 1 - -17 - (111 + -102)?
9
What is the value of -2 - (-1 + (2 + 1 - 4))?
0
What is 35 + -38 + (-1 - 0)?
-4
What is 1 + (1 + -9 + 5 - -1)?
-1
Calculate 6 + (0 - 2) - (-10 + 11).
3
What is the value of 3 - (4 + -4 + 4)?
-1
Evaluate 9 - (2 + (2 - -2)).
3
-16 + (4 - -7) - (3 - 1)
-7
Calculate 3 + -1 + -6 + (-4 - -8).
0
What is the value of 8 + (-13 - -7) - 8?
-6
What is -1 + (-10 - -3 - -3) + 3?
-2
Evaluate (5 - -1) + 10 + -7 + -3.
6
Calculate -5 - -3 - -10 - 13.
-5
Evaluate 11 + -5 + 3 + -6.
3
What is -2 + 5 - ((3 - 0) + -5)?
5
What is the value of (0 - (12 - 8)) + -2?
-6
Evaluate (2 - 7) + (-9 + 5 - -13).
4
What is the value of (59 - 50) + (-1 - 1)?
7
Evaluate 8 - (19 + -9) - -5.
3
What is 4 + (2 - (9 - 4) - 2)?
-1
Calculate 6 + (-7 - -1) - 2.
-2
Evaluate -1 + (-6 - -3 - -9).
5
-5 - ((5 - 3) + -2)
-5
2 + 1 + 3 - 6
0
Evaluate 5 + (-1 + 2 - 1 - 3).
2
5 + -6 - (0 + -1)
0
Calculate (-1 - -5 - 1) + -3.
0
-3 + (2 - (5 - 11)) - 4
1
What is 7 + (-10 - (-16 - -4))?
9
1 + (2 - 7) - -2
-2
What is (-7 - -1) + (-5 - -5) + 3?
-3
What is the value of 4 + (11 + -9 - (6 + -1))?
1
3 + -18 + 7 - -4
-4
What is 1 + (-4 + 1 - (2 - 0))?
-4
What is (0 - -4) + (-16 - -12)?
0
(-10 - -2) + 3 + (4 - 2)
-3
What is the value of (13 - -2) + -36 + 13?
-8
Evaluate -8 - (48 + -42 + -7 + 0).
-7
Evaluate 4 + 2 + -5 - (-8 - -17).
-8
(-11 - -1) + 3 + 5
-2
What is the value of -8 + (0 - 1 - -4 - 0)?
-5
What is 13 + -14 + -1 + (-1 - -1)?
-2
Evaluate 1 - 0 - (-4 - -4) - 4.
-3
Calculate 9 + -5 + -6 - -7.
5
What is the value of -1 - -21 - 9 - 17?
-6
What is -10 + 2 + 5 + -3 + 2?
-4
What is the value of -2 - -9 - (5 - 2) - 1?
3
What is 0 + -1 + -3 + 6 + 0?
2
What is 2 + -8 + 3 + 4?
1
What is the value of -4 + 1 + -2 + 444 + -436?
3
Calculate (14 - 0) + -36 + 11.
-11
What is -12 - (-13 + (11 - 7 - -2))?
-5
What is the value of (0 - 3) + 0 + 3 + -4?
-4
-5 - -5 - (10 + -2) - -3
-5
Calculate -3 + (-2 - (-7 - -5)).
-3
Calculate 7 + -3 - 2 - 2.
0
What is the value of 6 + (5 + -9 - -3) + -7?
-2
Evaluate 7 - 21 - -3 - -9.
-2
Evaluate -3 - (-12 + 0 + 17 + -12).
4
-17 + 18 - (-1 + 7)
-5
Calculate 3 + (-2 - (-7 + 4 - -3)).
1
What is the value of 22 - 27 - (1 + -3)?
-3
9 + (9 - 11) + -14
-7
Evaluate -2 - (-1 - (1 + -4)).
-4
What is the value of -14 - (-17 + 9) - -8?
2
What is the value of -1 + (4 - (-5 + 4))?
4
Calculate -2 + -8 + 2 + 4.
-4
Evaluate (-15 - (-3 - 10)) + 12.
10
What is 2 - (-5 + 10) - (6 + -9)?
0
-146 + 148 + -11 + 1
-8
What is 0 - -9 - ((22 - 44) + 29)?
2
What is the value of -5 - (-7 + 4 - -4 - 3)?
-3
What is -9 - -2 - (-3 - (-4 - -4))?
-4
Calculate (-5 - (8 + -18)) + -5 + 4.
4
What is the value of -9 + 1 + (37 - 34)?
-5
What is the value of -4 + 4 - (-2 + -1 + 3)?
0
7 - (-9 + -5 + 25)
-4
Calculate (-14 - -3) + 3 - -4.
-4
What is the value of 8 + 9 + -28 + 8?
-3
Evaluate 33 + -26 + (-8 - 0).
-1
-10 + 10 + (-2 - 2)
-4
What is 7 + -1 + (-5 - -3)?
4
What is -7 + (-6 - -17) + 3?
7
Evaluate 0 + 2 - (-19 - -18).
3
Evaluate -5 + (6 - (2 + 3)).
-4
Evaluate -2 + 0 - -8 - (-16 - -20).
2
Calculate (-1 - -5 - 1) + -5 - -4.
2
6 - (1 + 1) - 4 - 4
-4
What is 2 - (-1 + -4) - (-1 + 5)?
3
What is (0 - -1) + 0 - 4?
-3
What is the value of (9 - 6) + (2 - -1)?
6
5 + 1 + 1 - 4 - 2
1
2 - (8 + -3 + -6 - 6)
9
What is the value of (-1 - -3) + 1 - 9?
-6
What is 8 + (-20 + 5 - -1)?
-6
What is the value of -4 - (-2 + (-2 - 0))?
0
What is the value of -2 + 2 + 2 + -5 + 0?
-3
What is the value of 20 + (-14 - -1 - 0)?
7
5 - (3 + (2 - 3))
3
What is the value of (-2 - (-2 + 2)) + (-2 - -6)?
2
What is -8 + 7 - (3 - 0)?
-4
What is 3 + -2 + (-2 - -2)?
1
What is 1 + -3 - (14 + -14)?
-2
What is the value of -6 + 10 + -5 - -4?
3
Evaluate (-1 - -3 - -3) + (-1 - 0).
4
What is the value of 1 + (3 - 11) - (0 + -2)?
-5
Evaluate -1 + 3 + 44 + -41.
5
Evaluate (2 - (-1 + 2)) + (1 - 1).
1
Calculate -2 + (-1 + 4 - 4) + -2.
-5
What is 1 + 0 + (-14 - -12)?
-1
Evaluate (4 + -4 + -2 - 0) + 0.
-2
1 + 0 + (-11 - -5 - -2)
-3
Evaluate (0 - (-1 - 8)) + -75 + 72.
6
Calculate -8 - (0 - (2 + 2)).
-4
5 - (4 - (-4 + -1)) - -1
-3
Evaluate 1 - -1 - (-1 + -7 + 9).
1
-1 + 5 + -4 - 2
-2
What is the value of (0 - 2 - -1 - 4) + 13?
8
Evaluate 6 + -8 - (1 - 0).
-3
What is 0 + -3 + 2 + -1?
-2
What is 5 + 3 + (-6 - -1) + 2?
5
Evaluate 5 + -20 - (9 + -28).
4
Calculate 0 + -4 + -2 - 2 - -3.
-5
What is -8 + 3 - -2 - (-2 - -2)?
-3
Calculate (1 - 5) + (-37 - -44).
3
Evaluate 1 + (7 - 3 - 1).
4
What is -4 + (6 - 1) - (0 + -5)?
6
5 + (0 + -4 - 1)
0
Evaluate 6 - (-2 + 20) - -13.
1
What is the value of 0 - (6 + (12 - 10))?
-8
Calculate 5 - ((2 - 7) + 1 - -6).
3
Evaluate 4 + -3 - (4 + -8 + 0).
5
Calculate (6 - 1) + (-4 - (-10 - -8)).
3
0 + -1 + 0 + (3 - 6)
-4
Calculate 12 + -3 - 6 - 2.
1
5 + 4 + -6 + -4
-1
5 - -2 - (0 + -13 + 28)
-8
What is 1 - 1 - (-3 - (8 - 7))?
4
2 - (1 - ((3 - 1) + 2))
5
What is -9 + 4 + 4 - (-1 - 2)?
2
What is the value of 13 + -15 + (-3 - -12)?
7
What is the value of -4 - (5 + -13) - 5?
-1
What is 7 + -1 - 2 - (37 + -36)?
3
What is the value of -8 + ((0 - -7) + -15 - -6)?
-10
What is 1 + 4 + (-2 - 1) + -1?
1
What is 7 - (-4 + -4 - -21)?
-6
Calculate (2 - -1) + -3 - (-19 - -23).
-4
Evaluate -1 + -5 - (-1 - 3) - 4.
-6
What is the value of 2 - (2 - (7 - 2) - -3)?
2
What is the value of 7 + (-2 - (8 - 3))?
0
3 + -2 + -5 - -2
-2
2 + (-8 - (-7 + 2)) + -7
-8
Calculate -14 - -16 - 4 - 5.
-7
What is the value of 6 - (-1 - -13) - -7?
1
What is -12 + 18 - (2 + 3)?
1
-6 + (-2 - -3) + -2
-7
What is the value of 0 - (-13 + 2 + 8)?
3
What is the value of (1 - 1) + (4 - 5) + 1?
0
Calculate (-1 - -1) + (0 - (8 + -6)).
-2
17 + -27 - (2 + -8)
-4
Evaluate 1 + (-1 - (-3 - 3)) + -4.
2
Evaluate 10 + -4 + 5 - 16.
-5
Calculate 2 + (0 + 3 - (6 + 0)).
-1
What is (14 - (10 + 9)) + (1 - 3)?
-7
1 - (8 + -6 + 3 - 9)
5
8 - (-4 + 5 + 9)
-2
Evaluate -9 + (19 - 10) + -3.
-3
-1 - (-1 - -3) - -6
3
Calculate 7 + (9 - 4) - (-3 + 9).
6
(2 - -2 - -7) + -9
2
1 + -3 + (6 - 6 - 1)
-3
Evaluate -5 + -5 - -4 - (-2 - 0).
-4
Evaluate -6 - ((0 - 10 - -3) + -4).
5
Calculate (-7 - -13) + (8 - (6 + -3)).
11
What is the value of -10 + 9 + 5 + -2 + 4?
6
What is 5 + -5 + (0 - 3)?
-3
-1 - (6 + -3 + 1)
-5
Evaluate -7 + (26 - 13) - 9.
-3
Evaluate 6 + -3 + 1 + -1.
3
What is the value of 0 + (-1 - -5) + -17 + 15?
2
What is the value of 4 + -1 - (-3 + 3)?
3
Calculate (-6 - (-9 - 3)) + -2.
4
1 + -12 - (37 + -47)
-1
Calculate -39 + 36 + (-1 - (-1 - -1)).
-4
Calculate 0 - (-5 + -2 + 2).
5
What is 3 - (1 + 6 - (-7 - -6))?
-5
What is the value of 0 - (4 + -7 - 9) - 5?
7
What is (-2 - -4 - -2 - 6) + 7?
5
What is the value of 20 + -37 + 19 + (-2 - 1)?
-1
Evaluate 5 + (-3 - -3) + -5.
0
What is the value of -6 + -6 + (0 - -8)?
-4
Calculate 5 - (0 - 1) - 5.
1
Evaluate 0 + (-8 - -5 - -4).
1
What is 5 + 0 - 9 - -2?
-2
What is the value of (7 - (-3 - -5)) + -6?
-1
What is (8 + -10 - (-4 - 0)) + 1?
3
Evaluate 2 + (2 + -2 - (-4 - -3)).
3
Evaluate -1 + (-1 - 2) + 3.
-1
What is the value of (-9 - -5) + 3 + (-3 - -4)?
0
Evaluate -19 + 25 - ((-5 - -9) + -3).
5
What is 4 + -2 + (-1 - 0)?
1
7 - (-8 + 14 + 3)
-2
Calculate (2 - 2) + 3 - (42 + -35).
-4
W